{"id":374,"date":"2024-11-17T15:00:50","date_gmt":"2024-11-17T12:00:50","guid":{"rendered":"https:\/\/hindoloji.com\/?page_id=374"},"modified":"2024-11-17T15:10:02","modified_gmt":"2024-11-17T12:10:02","slug":"hakkimizda-3","status":"publish","type":"page","link":"https:\/\/hindoloji.com\/index.php\/hakkimizda-3\/","title":{"rendered":"Hakk\u0131m\u0131zda"},"content":{"rendered":"\n<p align=\"justify\">Erciyes \u00dcniversitesi Hindoloji Anabilim Dal\u0131 ve Disiplinleraras\u0131 G\u00fcney Asya Lisans\u00fcst\u00fc Program\u0131 akademik kadrosu, \u00f6\u011frencileri ve alana ilgi duyan g\u00f6n\u00fcll\u00fclerden olu\u015fan G\u00fcney Asya \u00c7al\u0131\u015fma Grubu olarak Klasik Hindoloji \u00e7al\u0131\u015fmalar\u0131 \u00e7er\u00e7evesinde akademik bilgi ve i\u00e7erik sunmay\u0131, alana ilgi duyanlara etkile\u015fim kurabilece\u011fi bir ortam olu\u015fturmay\u0131 ama\u00e7lamaktay\u0131z.<\/p>\n\n\n\n<p align=\"justify\">\u0130lk yay\u0131na \u00e7\u0131kt\u0131\u011f\u0131m\u0131z Ekim 2000 tarihinden bu yana ticari bir ama\u00e7 g\u00fctmeksizin g\u00f6n\u00fcll\u00fcl\u00fck esas\u0131yla s\u00fcrd\u00fcrd\u00fc\u011f\u00fcm\u00fcz \u00e7al\u0131\u015fmalara, teknik ve i\u00e7erik olarak yenilenmi\u015f web sitesi aray\u00fcz\u00fcyle devam ediyoruz.<\/p>\n\n\n\n<p>Ali K\u00fc\u00e7\u00fckler<\/p>\n\n\n\n<p>G\u00fcney Asya \u00c7al\u0131\u015fma Grubu Ad\u0131na<\/p>\n","protected":false},"excerpt":{"rendered":"<p>Erciyes \u00dcniversitesi Hindoloji Anabilim Dal\u0131 ve Disiplinleraras\u0131 G\u00fcney Asya Lisans\u00fcst\u00fc Program\u0131 akademik kadrosu, \u00f6\u011frencileri ve alana ilgi duyan g\u00f6n\u00fcll\u00fclerden olu\u015fan G\u00fcney Asya \u00c7al\u0131\u015fma Grubu olarak Klasik Hindoloji \u00e7al\u0131\u015fmalar\u0131 \u00e7er\u00e7evesinde akademik bilgi ve i\u00e7erik sunmay\u0131, alana ilgi duyanlara etkile\u015fim kurabilece\u011fi bir ortam olu\u015fturmay\u0131 ama\u00e7lamaktay\u0131z. \u0130lk yay\u0131na \u00e7\u0131kt\u0131\u011f\u0131m\u0131z Ekim 2000 tarihinden bu yana ticari bir ama\u00e7 g\u00fctmeksizin &hellip; <\/p>\n<p class=\"link-more\"><a href=\"https:\/\/hindoloji.com\/index.php\/hakkimizda-3\/\" class=\"more-link\">Okumaya devam et<span class=\"screen-reader-text\"> &#8220;Hakk\u0131m\u0131zda&#8221;<\/span><\/a><\/p>\n","protected":false},"author":1,"featured_media":0,"parent":0,"menu_order":0,"comment_status":"closed","ping_status":"closed","template":"","meta":{"footnotes":""},"class_list":["post-374","page","type-page","status-publish","hentry"],"_links":{"self":[{"href":"https:\/\/hindoloji.com\/index.php\/wp-json\/wp\/v2\/pages\/374","targetHints":{"allow":["GET"]}}],"collection":[{"href":"https:\/\/hindoloji.com\/index.php\/wp-json\/wp\/v2\/pages"}],"about":[{"href":"https:\/\/hindoloji.com\/index.php\/wp-json\/wp\/v2\/types\/page"}],"author":[{"embeddable":true,"href":"https:\/\/hindoloji.com\/index.php\/wp-json\/wp\/v2\/users\/1"}],"replies":[{"embeddable":true,"href":"https:\/\/hindoloji.com\/index.php\/wp-json\/wp\/v2\/comments?post=374"}],"version-history":[{"count":5,"href":"https:\/\/hindoloji.com\/index.php\/wp-json\/wp\/v2\/pages\/374\/revisions"}],"predecessor-version":[{"id":384,"href":"https:\/\/hindoloji.com\/index.php\/wp-json\/wp\/v2\/pages\/374\/revisions\/384"}],"wp:attachment":[{"href":"https:\/\/hindoloji.com\/index.php\/wp-json\/wp\/v2\/media?parent=374"}],"curies":[{"name":"wp","href":"https:\/\/api.w.org\/{rel}","templated":true}]}}